 - (-5 - 11)).
97
Calculate -1 - 133 - ((-8 - 23) + 23 - -20 - 13).
-133
What is the value of 1 - (-26 + 17 + 24 + -44)?
30
Calculate -19 - (-11 + 1 + (183 + -39 - 60)).
-93
What is the value of 11 - (26 + (25 - 46) - (35 + -2))?
39
(15 + -54 - -27) + 47 - 91
-56
What is the value of 21 + 18 + 16 + 19?
74
What is the value of 6 + -11 + -21 + 27 + -23?
-22
What is the value of -23 + (-566 - -540 - (9 - -1))?
-59
Calculate (-15 + (19 - 10) + 10 - -3) + -9 + -31.
-33
Evaluate (5 - -4) + 0 - ((7 - (-40 + -16)) + 1).
-55
Calculate -76 + 1 - (-1714 - -1655).
-16
36 + 22 + -48 - ((45 - 5) + 11)
-41
Calculate (204 - 179) + (-3 - -7 - 138).
-109
What is 9 + (30 - 22) + 5 - -51?
73
Evaluate 69 - 56 - -15 - -13.
41
What is -79 - (8 - 25 - -61 - 29)?
-94
Calculate 5234 + -5380 - (-1 + -123).
-22
What is (-11 - -10) + (-1 - 99) + (-107 - -10) + 96?
-102
What is the value of 5 + -30 - (59 - 42 - 39)?
-3
Evaluate (6 - 4) + -7 + -18 + 6 + -6 + -48.
-71
What is -134 - -73 - -71 - (10 - 0 - (-4 - -4))?
0
Evaluate (93 + 8 - 12) + -181.
-92
-4 + 4 + (-5 - (10 + 5 + -15 + 2))
-7
Evaluate (24 + 11 + -14 + -4 - (7 + 0)) + 32.
42
Evaluate -44 - (21 - 48 - (-44 - -30)).
-31
What is (105 - 12) + -8 + (23 - 0 - 19)?
89
Evaluate 12 - 16 - ((14 - (3 - 0)) + -19 - -75).
-71
What is the value of (21 - (-38 - -65 - 33)) + 62?
89
Calculate 6 + (-3 - 0) + (8 - 18) + (-29 - -1).
-35
Evaluate -4 + 9 + -26 + 9 + -7 + -12.
-31
Evaluate 39 + (-139 - 56) - -75.
-81
What is the value of 3 - (-155 - (9 - 51)) - 31?
85
What is 384 - 337 - (-5 + 6 - -5)?
41
Calculate -1 - -83 - (2142 + -2110).
50
Evaluate -9 + (29 - (94 + -44)).
-30
Calculate -54 + (64 - (23 - -110)).
-123
-10 - (-17 + 2 - (26 - (48 - 20)))
3
What is the value of -20 - (-35 - -29) - (-66 + 7 + -5)?
50
What is 21 + -17 + (-10 + 3 - -21 - 16)?
2
Calculate (-30 + 86 + -48 - (13 - -1)) + 105.
99
What is (-12 - -43) + 7 + 2 + (-9 - -2) + 3?
36
What is the value of (-42 + 81 + -21 - (1 + 4)) + (-78 - 14)?
-79
What is -14 + -6 + (-67 - -115) + 49?
77
What is the value of 15 + (-4 + 7 - (2 - -3)) + -2?
11
What is (-16 + -14 - -139) + 11 + (5 - 8)?
117
Calculate -108 + (-12 - -53 - -1 - (-52 + 75)).
-89
Calculate 32 - -10 - 42 - -23.
23
Calculate (-3 - -38) + (159 - 223).
-29
What is 50 + -6 - (-727 + 782) - (0 + (1 - 89))?
77
What is the value of (4 - (13 - 1 - -2)) + (1 - -7 - -58)?
56
Calculate (-30 + 0 - -7 - -13 - -12) + (1 - 52).
-49
108856 + -108887 - ((-169 - -1) + -1)
138
What is the value of (-1 - 34 - 3) + (-36 - (-6 + -30))?
-38
What is the value of (-2 - -21) + (6 - -17) + -4?
38
Calculate (-6 - -58 - 34) + (6 - 6).
18
What is the value of (1 - -22) + -4 + (-43 - (-14 - 13))?
3
What is 50 + (26 - 46) + -24?
6
What is 21 - 10 - ((-1 - (-25 - -5)) + -24 + 38)?
-22
What is 6 + -2 + -4 + -218 + 194?
-24
360 - (79 - -53) - 128
100
What is -5 + -3277 + 3286 + 0 + (-8 - 1) - 133?
-138
What is the value of (-7 - (16 - 22) - 5) + -27?
-33
What is 4 + (-15 - -5 - (-2 + 7) - -25)?
14
Evaluate -83 - (-36 + (-53 - -42)).
-36
What is -16 - -11 - -16 - (169 - 83)?
-75
Calculate 48 - 85 - -49 - -43.
55
-4 + (-3 - 5) + (1 - -5) + -50 + -3
-59
Calculate -20 + 37 + -11 + 98 - 22.
82
(-15 - -8 - -16) + 23 + -129 - -9
-88
(132 - 87 - 91) + (-1 - 8)
-55
Calculate 8 + -2 - 2 - (-8 - (-35 + -12)).
-35
Calculate (5 - (38 - 18)) + 18 - -9.
12
Evaluate 75 - (0 - (-4 + -6 + -9 + 12 + 1)).
69
What is the value of 191 + -234 + 1 + 2?
-40
Calculate (-2 + 15 - -3 - 2) + 49 + -119.
-56
Calculate 68 + (-60 + 13 - -12).
33
-53 + 45 - -9 - -44 - (-2 - -14)
33
Evaluate -19 + (123 - 29 - (-25 + -1)).
101
What is the value of (6 + 30 + -19 - -17) + -2?
32
What is the value of -94 + 20 + -10 + 2 + -11 + 10?
-83
Evaluate (-7 - 2) + (20 - (-4 + 13)).
2
Evaluate (-26 + -4 - -26) + (-3 - (1 - 13)) + -21.
-16
Evaluate 0 + 110 + 1 + -206 + 256 + -61.
100
Evaluate (30 - 36) + -33 - -7.
-32
Calculate 49 - ((-18 - -126) + -35).
-24
-85 + (-123 - -134) + 91
17
What is the value of 22 - (8 + -12) - 66?
-40
Calculate 122 + 17 + -91 - (0 - -20).
28
Evaluate -12 + -6 + -9 + -8 + 6.
-29
Calculate (22 - (2 + 8)) + (-17 - -15) + 24.
34
168 + -124 - 18 - (0 - -43)
-17
Evaluate -21 - (-162 - (-148 + 63)).
56
What is 28 - (-26 + -43 - -53)?
44
What is the value of 22 - (-1 - 24) - (-10 - (-8 - -5))?
54
Calculate (7 - (20 - (4 - -2 - 0)) - -32) + 2.
27
Calculate -3 + -152 - (104 - 178).
-81
(-142 - -9) + (-12 + 9 - -9) + 17
-110
15 - 28 - (-7 + 11 + -59 + -3)
45
Calculate -12 + 121 + -45 - 92.
-28
Evaluate -37 + 100 + 59 + -52.
70
-1 + (5 - 2) + -8 + 3 + -39
-42
Calculate 12 - (-4 + (-27 - -18) + -25).
50
Calculate -2684 + 2781 + -57 + 0.
40
What is (-14 - 60) + 51 + -1?
-24
Calculate (2 + (-2 - 3) - -21) + -488 + 503.
33
What is the value of -990 + 1015 - (-86 + 3)?
108
Evaluate 1 + 15 + -19 - (1 + -2 + -53).
51
0 - 15 - (-4 - -64 - 84)
9
Calculate (-11 - -5 - (-1 + 7)) + (39 - -35 - -32).
94
What is (-4 - -1) + -54 + 2505 + -2494?
-46
Calculate 17 - 1 - (-62 - (-220 + 104)).
-38
What is the value of -15 + 10 + (-54 - -34)?
-25
Calculate 24 + -17 + (57 - 135).
-71
(62 - 103) + 43 - 36
-34
Calculate 24 + 28 + -75 + (-1 - -22).
-2
Evaluate 3 + 50 - (96 - 64 - 37).
58
What is the value of 6336 - 6422 - (-72 - 1)?
-13
Calculate (721 - 651) + -4 + -87 - (0 - -27).
-48
Evaluate 60 + (1 - (-12 + 14)) + 6 + (-4 - 4).
57
Evaluate 1609 + -1588 + (1 - 12 - 1).
9
What is the value of 0 + 52 + -43 + (301 - 277)?
33
(2 - 50) + 2 + 14 + -34 - -19
-47
37 - (85 + -42 + -120)
114
What is the value of -2 + 13 + -37 + 14 + 26 + -48?
-34
Evaluate 0 - 58 - (-95 - -75 - (-13 - 11 - 2)).
-64
What is (-23 - -36) + (-2 - 12) - 47?
-48
Calculate (115 - (64 + -11)) + (11 - (-3 + -1 + 4)).
73
What is (-11 - (8 - -3) - -5) + 11 + -66?
-72
What is the value of -133 + 10 + (52 - 28) - (-21 - -4)?
-82
What is the value of 64 - ((-36 - -46) + 80)?
-26
What is -31 - (-10 - (21 + -9 + 0))?
-9
Evaluate -6 + (25 - -1 - (-21 - (-6 + (27 - 53)))).
9
What is the value of (-5 - (0 + 1)) + (53 - (13 + -70 - -156))?
-52
Calculate (1 + (47 - 25) - 22) + (1 - -8) + 1.
11
-49 - ((-39 - -58) + -56) - (40 + -1)
-51
What is 32 - (-4 + 13 - -26)?
-3
What is (4 - -1) + (8 - (33 - 43)) - 13?
10
What is -238 + 282 - (-10 + (-1 - -1))?
54
Calculate 17 + -11 - -21 - (3 + 1).
23
Calculate 5 + (41 - 22) + -12 + -10 + 0.
2
Evaluate -79 - (-175 - (25 - 113)).
8
27 + (-23 - (8 + -17)) - 51
-38
What is -30 + (-66 - -92) + 35?
31
Evaluate -30 + 4 - ((-25 - -15) + -6 - -9).
-19
-28 + 4 + -6 + 13 + -15
-32
What is the value of (-11 - -7 - -84) + (-300 - -312) + 0 + -14?
78
Evaluate -6 + 50 + -3 + 19 + -17.
43
35 + 6 - 18 - 42
-19
(-3 - 1) + (-90 - (-26 - 86))
18
Evaluate (-98 - (-104 + 12)) + -3 + (-1 - -14).
4
32 + (31 - -5) + -38
30
Evaluate 72 - (-59 + 25 + 69).
37
-19 + 10 - (10 + (-59 - -10 - 8))
38
What is the value of 0 - -1 - (13 + -12 + 0 + 19 + -13)?
-6
Calculate 5 - (12 + -19 + 5 + 4).
3
(23 + -30 - (-60 - 5 - -9)) + 6
55
What is the value of 15 + 49 + -80 + -36?
-52
Evaluate -21 + 73 + -10 + 8.
50
Calculate -2 + -79 + 10 + -36 + 4 + 1 + 14.
-88
Calculate 48 + -7 + -38 + (5 - 3).
5
5 + 3 + 1 + -101 + (6 + -2 - 12)
-100
What is the value of -76 - (6 + (-11 - -22) + -5 + 2)?
-90
-43 - (-58 + -34 + 44)
5
What is -1 - 0 - 31 - (-58 - (-104 + 55))?
-23
What is the value of 60 + -109 - (-4 + -3) - 3?
-45
(178 - 168) + (-1 - 3 - 3) + 15
18
What is the value of -68 - (17643 + -17631 + -1 + 1 + (1 - 5))?
-76
-37 + (-13 + -4 - (26 + -15))
-65
Evaluate 2647 + -2633 + -20 + -3 + 1 + -53.
-61
Calculate 105 + (-60 + -68 - -57).
34
Evaluate -16 + 6 + (22 - (40 + -6)).
-22
0 + -21 + (4 - -5) + -2 + -1 - -160
145
What is 18 + (2 - 4) + -3 - 23?
-10
Calculate 6 - 3 - -7 - (-30 + (53 - 17)) - 31.
-27
Calculate 13 + 27 + (26 - 11 - 31).
24
What is the value of (23 - -16 - -8) + 17 + -32?
32
What is the value of -1 + -85 + (-2136 - -2296)?
74
1 + 17 + 2 - (39 - (26 - -22))
29
Evaluate (-2 - (-2 + -10)) + (-82 + 123 - 42) + -3.
6
Evaluate 77 + (-7 - (16 - 10 - 0 - (34 - 8))).
90
Calculate 17 + -30 + 20 - 8.
-1
What is -7 + 31 + 42 - 32?
34
What is the value of (2 - -18) + 63 + (-46 + 21 - -37)?
95
What is (35 - 68) + 9 - -48?
24
What is the value of 85 + 30 + 50 + -94 + -15?
56
What is the value of (9 - 16) + 15 + -24 + 0?
-16
-73 + 186 + 58 + 